is g(u)?
-2
Let f(z) be the first derivative of z**4/4 + 5*z**3/3 - 4*z**2 - 6*z - 1. Let w = 9786 - 9792. Determine f(w).
6
Let k(l) be the second derivative of l**5/20 + 5*l**4/12 + l**3/3 + 2*l**2 + 2*l - 32. Calculate k(-4).
12
Let y(n) be the first derivative of 31*n**3/3 - n**2/2 - n - 55. What is y(-1)?
31
Let z = 45 + -41. Let c(i) = -2*i**3 - z*i**2 + i + 2*i**3 - 4 + 3*i**3 - 2*i**3. Give c(3).
-10
Let a(d) = -2*d**2 - 10*d + 3. Let l be a(0). Let f = 15 + -8. Let o(x) = -l*x - 23*x**2 + 4 + f*x + 22*x**2. Calculate o(6).
-8
Let r(m) = 2*m**2 + 8*m + 6. Let p = 462 - 467. Calculate r(p).
16
Let g(p) = -12*p**2 + 11*p - 21. Let q(f) = -5*f**2 + 6*f - 10. Let m(n) = 2*g(n) - 5*q(n). Determine m(6).
-4
Let p = -81 - -79. Let l(u) = 4*u + 1. Let b(r) = -r. Let t(a) = 6*b(a) + l(a). What is t(p)?
5
Let i(f) be the third derivative of f**6/120 + f**5/30 - f**4/6 + 90*f**2. Calculate i(-3).
3
Let t(s) = s**2 + s. Let f(p) = 2*p**2 + p. Let z(y) = -4*f(y) + 3*t(y). Suppose -11*g + 9*g - 10 = 0. Let c be g/2*(-18)/45. Determine z(c).
-6
Let u(w) be the second derivative of -w**5/20 - w**4/3 + w**3 - 3*w**2/2 + 90*w. Calculate u(-5).
-8
Let n(c) = 9*c**2 + 9*c + 7. Let f be (-2)/3 + (-13)/3. Let y(a) = -10*a - 7*a**2 - 8 - a**2 + 43*a**2 - 45*a**2. Let d(w) = f*y(w) - 6*n(w). Calculate d(-2).
-10
Let j(a) = 0*a - 6*a + 3*a**2 - 3 + a**3 + 10. Let n = -2137 - -2132. Calculate j(n).
-13
Let q be (32/10)/(20/250). Let p(t) = -4*t + 47 - q + 3*t. Suppose 3*o + 2*o - 4 = -2*u, -3*o - 8 = -4*u. Determine p(o).
7
Let w be ((2 - 0) + 7)*(-42)/63. Let f(l) = -l**2 - 9*l - 7. Calculate f(w).
11
Suppose -5*k - 2*b = -28, 4 = 23*k - 26*k + 4*b. Let x(l) = -l**3 + 4*l**2 - l - 3. Calculate x(k).
-7
Let m(g) = -87 + 89 + 0*g - g + g**3. Give m(-2).
-4
Let i(a) = 7*a - 3. Let w be i(2). Let l(m) = 1 - w - m**2 + 2 - 2*m + 7. Determine l(-1).
0
Let x(m) = -30*m**3 + m. Let k be (-1)/5 + (-19)/(665/(-42)). Give x(k).
-29
Let b(l) = l - 7. Suppose -2*i + 3*z = -15, -5*i = 5*z - 2*z - 6. Suppose -i*q = -5*q. Suppose -2*k + 3*k - 8 = q. Calculate b(k).
1
Let b(n) be the first derivative of -n**3/3 + 5*n**2/2 - 3*n + 1. Suppose -11 = -8*z + 3*z + 4. Calculate b(z).
3
Let t(y) = -115 + 324 + 6*y**2 + y**3 - 8*y - 108 - 107. Give t(-7).
1
Let g(j) be the third derivative of 6*j**2 + 0*j + 3/2*j**3 + 0 + 1/12*j**4. What is g(-6)?
-3
Let d(f) = -f**2 - f + 2. Let h(s) = s**3 + s**2 + 3. Let v(n) = -d(n) + h(n). Determine v(-2).
-1
Let v(o) = 6*o. Suppose -17*h + 12 + 39 = 0. Determine v(h).
18
Let j(b) = b + 6. Let x(z) = -12*z**2 - 6*z - 17. Let r(a) = -3*j(a) - x(a). Give r(1).
14
Let r(j) = 22*j + 483. Let v be r(-22). Let m(h) = -3 + 9*h + 0 + 4. Give m(v).
-8
Let p(t) = -4*t**2 + 4*t - 1. Let o(d) = -4*d - 13. Let g be o(-5). Suppose 5*c - 36 = -g*c. Give p(c).
-25
Let h(k) = k**2 - 6*k + 6. Let x(b) be the third derivative of 5/6*b**3 + 0*b**4 + 0*b - 1/120*b**6 + 0 - 3/20*b**5 - 11*b**2. Let n be x(-9). What is h(n)?
1
Suppose -109 = 3*d - 115. Let p(f) = 3 - d*f + 3*f - 3 + 5. Calculate p(-9).
-4
Let v be 9 + (-12 - 7) + 1. Let l(h) = -h**3 - 10*h**2 - 14*h - 12. Give l(v).
33
Let d(y) = -y**3 + 10*y**2 + 13*y + 8. Let t be d(11). Let n be 5/2 - 2 - t/4. Let z(x) = x**3 + 7*x**2 - x - 1. What is z(n)?
6
Let c(n) be the third derivative of n**6/120 + n**4/12 + n**3/3 + 261*n**2. Give c(3).
35
Let h be 30/(-2) - (-13 + 10). Let j(l) = -l - 14. Give j(h).
-2
Suppose -2*y - 48 = 4*v, -2*v + y = -y + 24. Let z(b) = -2*b - 6. Determine z(v).
18
Let h(x) be the second derivative of 1/24*x**4 - 1/2*x**3 + 5*x - 1/2*x**2 + 0 - 1/120*x**6 - 1/60*x**5. Let q(m) be the first derivative of h(m). Give q(0).
-3
Let f(p) = -p**2 + p + 2. Suppose 4*q - 4*r + 100 = 0, -26 = -4*r - 6. Suppose 5*c = 5*a - 80, -6 - 6 = -3*c. Let o = a + q. Give f(o).
2
Let c(h) = h - 170 + 170 - 3*h**2. Let j(k) = 91*k + 11*k**2 - 86*k + k**3 + 2 - 5*k**2. Let m be j(-5). Determine c(m).
-10
Let x(c) = -c**3 + 3*c**2 - 4. Let n = 10 - 20. Let q(p) = 2*p**2 + 19*p - 7. Let t be q(n). Calculate x(t).
-4
Let q(l) = -6 + 6 - 6 - l. Let h(u) = 7*u - 4. Let w be h(1). Suppose w*i + 4 + 6 = 5*f, -4*i - f - 21 = 0. Give q(i).
-1
Let f(g) = -5*g**2 - 5*g + 2. Let d(i) = 6*i**2 + 6*i - 1. Let o(s) = -4*d(s) - 5*f(s). Suppose 13*q = -5*q. Give o(q).
-6
Let a(h) = -h**2 - 9*h - 7. Let s(o) = -o**2 - 7*o + 2. Let p be s(-7). Suppose 4*m - 3 - 9 = 0, p*b + 2*m + 26 = 0. Let i = b + 8. What is a(i)?
1
Suppose -6*i - 28 = -9*i + 5*p, 4*i = 3*p + 30. Let h(t) = -t**3 + 5*t**2 + t + 3. Calculate h(i).
-27
Let r(c) = c**3 - 4*c**2 + 7*c - 10. Let t be r(3). Suppose 3*f + t*f = -20. Let q(s) = 2*s + 2. Calculate q(f).
-6
Let t(i) = 180*i - 14 - 368*i + 184*i. Determine t(-10).
26
Let f(z) be the second derivative of z**4/12 - 5*z**3/6 + 3*z**2/2 + 2*z - 21. Give f(6).
9
Suppose -r = 4, h + 6 = 5*r + 29. Let x(y) be the third derivative of 0*y + 0 - 1/24*y**4 - 2*y**2 - 3/2*y**h. Determine x(-4).
-5
Let y be (-2)/(-8) - (-25)/(-4). Let h(k) = k**3 - 4*k + 0*k - 181*k**2 + 7 + 186*k**2. Determine h(y).
-5
Let a(w) be the third derivative of w**6/120 - 17*w**5/60 + 5*w**4/4 + w**3 - 448*w**2. Calculate a(15).
6
Let h = 5 + -2. Let n(i) = -4 + 4*i - 6 + h + i**2. Let p be n(-6). Let j(k) = -k + 1. Determine j(p).
-4
Let n(j) = -1. Let y(r) = -r**2 + r - 6. Let h(i) = 3*n(i) - y(i). Calculate h(3).
9
Let a(h) = -888*h + 3 - 14 + 889*h. Suppose -o = 2*o - 24. Calculate a(o).
-3
Let h = 43 + -26. Suppose 0 = -4*c - 2*u + 3 + 19, 5*u = 2*c - h. Suppose -c = 4*r - 10*r. Let s(d) = -6*d**2 - d. Calculate s(r).
-7
Let x(l) = -25 + 9 + 1 + 8 - 3*l + l**2. Calculate x(5).
3
Suppose -35 - 13 = -3*r. Suppose 1 - r = -5*c. Let l(b) = b**3 - 2*b**2 + 2*b - 4. Determine l(c).
11
Let b(o) be the second derivative of -o**4/12 + 7*o**3/6 + 11*o**2 - 9*o. Let c be b(10). Let y(k) = -k**3 - 7*k**2 + 7*k - 3. Give y(c).
5
Let l(i) = i - 10. Let y be l(13). Let a(k) = 2*k**3 - 12 + y*k - k**2 - 2*k + 0*k + 13. Calculate a(2).
15
Let g be ((-21)/(-18))/((58/12)/(-29)). Let n(p) = -3*p - 7. Give n(g).
14
Let n = 66 - 8. Let a = 52 - n. Let g(x) = -2*x - 4. Determine g(a).
8
Suppose -5*h - 56 = 4*g, -3*g + 2*h - 6*h - 41 = 0. Let c = -7 - g. Let a(l) = l**2 - 12*l + 1. Let v be a(c). Let d(k) = 4*k**2 + 2*k - 1. Give d(v).
5
Let b(u) = u**2 + u - 14. Let f be (-9)/18 + (-2)/(-4). Suppose 6*n - 2*n + 0*n = f. Determine b(n).
-14
Suppose 5*w + 0*p = -p - 29, 2*p + 16 = -3*w. Let f be (52/(-39))/((-4)/w). Let b(o) be the third derivative of -o**4/6 + 33*o**2. What is b(f)?
8
Let n(u) = -2*u**3 - 4*u**2 - 2*u + 1. Let b be n(-2). Let d(k) = 2 + k**2 + b + 1 + 8*k. Let m be 0/((-5)/1) + -7. Determine d(m).
1
Suppose 0 = 4*b - 5*b + 2. Let o(c) be the first derivative of -3*c - c**2 + 1 - 2 - b*c + 4. Give o(4).
-13
Let b(g) = g**2 + 7*g - 6. Let q = 113 - 161. Let s = q - -41. Calculate b(s).
-6
Let m(w) = w**3 - 4*w**2 - 6*w + 5. Let v be m(5). Suppose -3*h + v = 18. Let u(o) = o**2 + 4*o - 1. Determine u(h).
11
Let l(o) be the first derivative of o**4/4 + 5*o**3/3 + 3*o**2/2 - 3*o - 2. Suppose -46*u + 44*u = h + 9, -3*u = h + 12. What is l(h)?
6
Let a = 4 - 5. Let h(d) be the third derivative of -d**2 - 1/6*d**3 + 0 - 1/20*d**5 + 0*d - 1/12*d**4. What is h(a)?
-2
Let n(a) = a**3 - a + 20. Suppose 1 = -3*v + o - 4, -3*v - o + 5 = 0. What is n(v)?
20
Suppose 5 = -8*h - 27. Let v(s) be the first derivative of s**4/4 + s**3 - 3*s**2/2 - 6*s + 9. Calculate v(h).
-10
Let d(t) = 5*t**3 + 20*t**2 - 6*t + 34. Let j(o) = -o**3 - o**2 + 2*o + 1. Let l(v) = d(v) + 4*j(v). What is l(-16)?
6
Suppose 2*n + 0*b - 34 = -4*b, -b - 3 = 0. Let l = n + -18. Let d(g) be the second derivative of g**4/12 - g**3 + 3*g**2/2 - 2*g. Determine d(l).
-2
Let p(g) = 10491*g + 4 - 1 - 10485*g. Determine p(-1).
-3
Let b(t) = t**2 + 3*t - 2. Let j = 373 + -378. Determine b(j).
8
Let h(y) be the second derivative of -y**3/6 - 7*y**2/2 + 2*y - 68. Determine h(-12).
5
Let f(k) = -k**2 - 2*k - 4. Suppose x + 17 = -5*t, 0 = 3*t + 7*x - 3*x + 17. Let j(n) = -5*n - 1 - 5 + 0*n + 4*n. Let a be j(t). Determine f(a).
-7
Let b(y) = -9*y**3 + 9*y**2 - 30*y + 7. Let g(i) = -4*i**3 + 4*i**2 - 13*i + 3. Let t(o) = -3*b(o) + 7*g(o). Let w = 2 + -2. Give t(w).
0
Let i(o) = -9*o + 5. Let r be i